{"id":2681,"date":"2023-01-20T00:31:00","date_gmt":"2023-01-19T22:31:00","guid":{"rendered":"https:\/\/monaco.lt\/pasikrauk\/?post_type=product&#038;p=2681"},"modified":"2023-05-17T13:18:48","modified_gmt":"2023-05-17T10:18:48","slug":"laimingi-sunsnukiai","status":"publish","type":"product","link":"https:\/\/monaco.lt\/pasikrauk\/produktas\/laimingi-sunsnukiai\/","title":{"rendered":"Laimingi \u0161unsnukiai"},"content":{"rendered":"\r\n<p>Knyga<strong>\u00a0\u201eLaimingi \u0161unsnukiai\u201c<\/strong>\u00a0yra kokybi\u0161ko gyvenimo gidas, arba patarimas, kaip nepramiegoti to, kas i\u0161 ties\u0173 svarbiausia.<\/p>\r\n\r\n\r\n\r\n<p>Su\u017einok, k\u0105 patyr\u0117 laimingi \u017emon\u0117s, kuriuos sutikau Lietuvoje ir Monake. Tai jie pad\u0117jo \u201eu\u017etaisyti\u201c \u0161i\u0105 <strong>\u201eLaimingi \u0161unsnukiai\u201c<\/strong> knyg\u0105 motyvaciniais degalais, kuri\u0173 u\u017eteks, kad pasiektum slap\u010diausias svajones. Kai kurie \u0161iuos \u017emones vadina \u0161unsnukiais. A\u0161 juos vadinu laimingais \u0161unsnukiais. Jie laisvi. Gyvena pagal savo taisykles. Sugeb\u0117jo rasti aukso viduriuk\u0105. Pasinaudok \u0161i\u0173 \u017emoni\u0173 patirtimi ir pagaliau \u012fgyvendink savo svajones!<\/p>\r\n","protected":false},"excerpt":{"rendered":"<p><!-- wp:paragraph --><\/p>\n<p><strong>AUKSINIS BESTSELERIS<\/strong>, kur\u012f med\u017eiojo ir vis dar med\u017eioja aib\u0117 skaitytoj\u0173.<\/p>\n<p><!-- \/wp:paragraph --><\/p>\n<p><!-- wp:paragraph --><\/p>\n<p>Knyg\u0105, kurios tira\u017eai graibstyti vienas po kito ir parduota 20 000 kopij\u0173, dabar galite \u012fsigyti tiesiai i\u0161 jos autoriaus, Alex Monaco, svetain\u0117s.<\/p>\n<p><!-- \/wp:paragraph --><\/p>\n","protected":false},"featured_media":2682,"template":"","meta":[],"yoast_head":"<!-- This site is optimized with the Yoast SEO plugin v19.0 - https:\/\/yoast.com\/wordpress\/plugins\/seo\/ -->\n<title>Laimingi \u0161unsnukiai<\/title>\n<meta name=\"description\" content=\"Auksinis bestseleris! \u201eLaimingi \u0161unsnukiai\u201c knyga, kurios parduota 20 t\u016bkst. egzempliori\u0173 v\u0117l prekyboje! \u012esigyk \u0160IANDIEN!\" \/>\n<meta name=\"robots\" content=\"index, follow, max-snippet:-1, max-image-preview:large, max-video-preview:-1\" \/>\n<link rel=\"canonical\" href=\"https:\/\/monaco.lt\/pasikrauk\/produktas\/laimingi-sunsnukiai\/\" \/>\n<meta property=\"og:locale\" content=\"lt_LT\" \/>\n<meta property=\"og:type\" content=\"article\" \/>\n<meta property=\"og:title\" content=\"Laimingi \u0161unsnukiai\" \/>\n<meta property=\"og:description\" content=\"Auksinis bestseleris! \u201eLaimingi \u0161unsnukiai\u201c knyga, kurios parduota 20 t\u016bkst. egzempliori\u0173 v\u0117l prekyboje! \u012esigyk \u0160IANDIEN!\" \/>\n<meta property=\"og:url\" content=\"https:\/\/monaco.lt\/pasikrauk\/produktas\/laimingi-sunsnukiai\/\" \/>\n<meta property=\"og:site_name\" content=\"Alex Monaco KNYGA\" \/>\n<meta property=\"article:modified_time\" content=\"2023-05-17T10:18:48+00:00\" \/>\n<meta property=\"og:image\" content=\"https:\/\/monaco.lt\/pasikrauk\/wp-content\/uploads\/2023\/01\/Laimingi-sunsnukiai.jpg\" \/>\n\t<meta property=\"og:image:width\" content=\"367\" \/>\n\t<meta property=\"og:image:height\" content=\"547\" \/>\n\t<meta property=\"og:image:type\" content=\"image\/jpeg\" \/>\n<meta name=\"twitter:card\" content=\"summary_large_image\" \/>\n<meta name=\"twitter:label1\" content=\"Est. reading time\" \/>\n\t<meta name=\"twitter:data1\" content=\"1 minut\u0117\" \/>\n<script type=\"application\/ld+json\" class=\"yoast-schema-graph\">{\"@context\":\"https:\/\/schema.org\",\"@graph\":[{\"@type\":\"WebSite\",\"@id\":\"https:\/\/monaco.lt\/pasikrauk\/#website\",\"url\":\"https:\/\/monaco.lt\/pasikrauk\/\",\"name\":\"Alex Monaco KNYGA\",\"description\":\"Alex Monaco knyga\",\"potentialAction\":[{\"@type\":\"SearchAction\",\"target\":{\"@type\":\"EntryPoint\",\"urlTemplate\":\"https:\/\/monaco.lt\/pasikrauk\/?s={search_term_string}\"},\"query-input\":\"required name=search_term_string\"}],\"inLanguage\":\"lt-LT\"},{\"@type\":\"ImageObject\",\"inLanguage\":\"lt-LT\",\"@id\":\"https:\/\/monaco.lt\/pasikrauk\/produktas\/laimingi-sunsnukiai\/#primaryimage\",\"url\":\"https:\/\/monaco.lt\/pasikrauk\/wp-content\/uploads\/2023\/01\/Laimingi-sunsnukiai.jpg\",\"contentUrl\":\"https:\/\/monaco.lt\/pasikrauk\/wp-content\/uploads\/2023\/01\/Laimingi-sunsnukiai.jpg\",\"width\":367,\"height\":547,\"caption\":\"Laimingi \u0161unsnukiai\"},{\"@type\":\"WebPage\",\"@id\":\"https:\/\/monaco.lt\/pasikrauk\/produktas\/laimingi-sunsnukiai\/#webpage\",\"url\":\"https:\/\/monaco.lt\/pasikrauk\/produktas\/laimingi-sunsnukiai\/\",\"name\":\"Laimingi \u0161unsnukiai\",\"isPartOf\":{\"@id\":\"https:\/\/monaco.lt\/pasikrauk\/#website\"},\"primaryImageOfPage\":{\"@id\":\"https:\/\/monaco.lt\/pasikrauk\/produktas\/laimingi-sunsnukiai\/#primaryimage\"},\"datePublished\":\"2023-01-19T22:31:00+00:00\",\"dateModified\":\"2023-05-17T10:18:48+00:00\",\"description\":\"Auksinis bestseleris! \u201eLaimingi \u0161unsnukiai\u201c knyga, kurios parduota 20 t\u016bkst. egzempliori\u0173 v\u0117l prekyboje! \u012esigyk \u0160IANDIEN!\",\"breadcrumb\":{\"@id\":\"https:\/\/monaco.lt\/pasikrauk\/produktas\/laimingi-sunsnukiai\/#breadcrumb\"},\"inLanguage\":\"lt-LT\",\"potentialAction\":[{\"@type\":\"ReadAction\",\"target\":[\"https:\/\/monaco.lt\/pasikrauk\/produktas\/laimingi-sunsnukiai\/\"]}]},{\"@type\":\"BreadcrumbList\",\"@id\":\"https:\/\/monaco.lt\/pasikrauk\/produktas\/laimingi-sunsnukiai\/#breadcrumb\",\"itemListElement\":[{\"@type\":\"ListItem\",\"position\":1,\"name\":\"Home\",\"item\":\"https:\/\/monaco.lt\/pasikrauk\/\"},{\"@type\":\"ListItem\",\"position\":2,\"name\":\"Knygos\",\"item\":\"https:\/\/monaco.lt\/pasikrauk\/knygos\/\"},{\"@type\":\"ListItem\",\"position\":3,\"name\":\"Laimingi \u0161unsnukiai\"}]}]}<\/script>\n<!-- \/ Yoast SEO plugin. -->","yoast_head_json":{"title":"Laimingi \u0161unsnukiai","description":"Auksinis bestseleris! \u201eLaimingi \u0161unsnukiai\u201c knyga, kurios parduota 20 t\u016bkst. egzempliori\u0173 v\u0117l prekyboje! \u012esigyk \u0160IANDIEN!","robots":{"index":"index","follow":"follow","max-snippet":"max-snippet:-1","max-image-preview":"max-image-preview:large","max-video-preview":"max-video-preview:-1"},"canonical":"https:\/\/monaco.lt\/pasikrauk\/produktas\/laimingi-sunsnukiai\/","og_locale":"lt_LT","og_type":"article","og_title":"Laimingi \u0161unsnukiai","og_description":"Auksinis bestseleris! \u201eLaimingi \u0161unsnukiai\u201c knyga, kurios parduota 20 t\u016bkst. egzempliori\u0173 v\u0117l prekyboje! \u012esigyk \u0160IANDIEN!","og_url":"https:\/\/monaco.lt\/pasikrauk\/produktas\/laimingi-sunsnukiai\/","og_site_name":"Alex Monaco KNYGA","article_modified_time":"2023-05-17T10:18:48+00:00","og_image":[{"width":367,"height":547,"url":"https:\/\/monaco.lt\/pasikrauk\/wp-content\/uploads\/2023\/01\/Laimingi-sunsnukiai.jpg","type":"image\/jpeg"}],"twitter_card":"summary_large_image","twitter_misc":{"Est. reading time":"1 minut\u0117"},"schema":{"@context":"https:\/\/schema.org","@graph":[{"@type":"WebSite","@id":"https:\/\/monaco.lt\/pasikrauk\/#website","url":"https:\/\/monaco.lt\/pasikrauk\/","name":"Alex Monaco KNYGA","description":"Alex Monaco knyga","potentialAction":[{"@type":"SearchAction","target":{"@type":"EntryPoint","urlTemplate":"https:\/\/monaco.lt\/pasikrauk\/?s={search_term_string}"},"query-input":"required name=search_term_string"}],"inLanguage":"lt-LT"},{"@type":"ImageObject","inLanguage":"lt-LT","@id":"https:\/\/monaco.lt\/pasikrauk\/produktas\/laimingi-sunsnukiai\/#primaryimage","url":"https:\/\/monaco.lt\/pasikrauk\/wp-content\/uploads\/2023\/01\/Laimingi-sunsnukiai.jpg","contentUrl":"https:\/\/monaco.lt\/pasikrauk\/wp-content\/uploads\/2023\/01\/Laimingi-sunsnukiai.jpg","width":367,"height":547,"caption":"Laimingi \u0161unsnukiai"},{"@type":"WebPage","@id":"https:\/\/monaco.lt\/pasikrauk\/produktas\/laimingi-sunsnukiai\/#webpage","url":"https:\/\/monaco.lt\/pasikrauk\/produktas\/laimingi-sunsnukiai\/","name":"Laimingi \u0161unsnukiai","isPartOf":{"@id":"https:\/\/monaco.lt\/pasikrauk\/#website"},"primaryImageOfPage":{"@id":"https:\/\/monaco.lt\/pasikrauk\/produktas\/laimingi-sunsnukiai\/#primaryimage"},"datePublished":"2023-01-19T22:31:00+00:00","dateModified":"2023-05-17T10:18:48+00:00","description":"Auksinis bestseleris! \u201eLaimingi \u0161unsnukiai\u201c knyga, kurios parduota 20 t\u016bkst. egzempliori\u0173 v\u0117l prekyboje! \u012esigyk \u0160IANDIEN!","breadcrumb":{"@id":"https:\/\/monaco.lt\/pasikrauk\/produktas\/laimingi-sunsnukiai\/#breadcrumb"},"inLanguage":"lt-LT","potentialAction":[{"@type":"ReadAction","target":["https:\/\/monaco.lt\/pasikrauk\/produktas\/laimingi-sunsnukiai\/"]}]},{"@type":"BreadcrumbList","@id":"https:\/\/monaco.lt\/pasikrauk\/produktas\/laimingi-sunsnukiai\/#breadcrumb","itemListElement":[{"@type":"ListItem","position":1,"name":"Home","item":"https:\/\/monaco.lt\/pasikrauk\/"},{"@type":"ListItem","position":2,"name":"Knygos","item":"https:\/\/monaco.lt\/pasikrauk\/knygos\/"},{"@type":"ListItem","position":3,"name":"Laimingi \u0161unsnukiai"}]}]}},"_links":{"self":[{"href":"https:\/\/monaco.lt\/pasikrauk\/wp-json\/wp\/v2\/product\/2681"}],"collection":[{"href":"https:\/\/monaco.lt\/pasikrauk\/wp-json\/wp\/v2\/product"}],"about":[{"href":"https:\/\/monaco.lt\/pasikrauk\/wp-json\/wp\/v2\/types\/product"}],"wp:featuredmedia":[{"embeddable":true,"href":"https:\/\/monaco.lt\/pasikrauk\/wp-json\/wp\/v2\/media\/2682"}],"wp:attachment":[{"href":"https:\/\/monaco.lt\/pasikrauk\/wp-json\/wp\/v2\/media?parent=2681"}],"curies":[{"name":"wp","href":"https:\/\/api.w.org\/{rel}","templated":true}]}}