{"id":99,"date":"2018-08-21T10:49:45","date_gmt":"2018-08-21T07:49:45","guid":{"rendered":"https:\/\/monaco.lt\/pasikrauk\/?page_id=99"},"modified":"2022-03-28T17:19:47","modified_gmt":"2022-03-28T14:19:47","slug":"kontaktai","status":"publish","type":"page","link":"https:\/\/monaco.lt\/pasikrauk\/kontaktai\/","title":{"rendered":"Kontaktai"},"content":{"rendered":"<p><em>Novum gradum MB<\/em><\/p>\n<p><em>\u012e. k.: 306018218<\/em><\/p>\n<p><em>Adresas: \u017demai\u010di\u0173 79-1, Kaunas<\/em><\/p>\n<p><em>A. s.: Paysera LT743500010015185991<\/em><\/p>\n<p><em>Tel. : +37069960022 (10:00-18:00 darbo dienomis)<\/em><\/p>\n<p><em>el. pa\u0161tas: laimingisunsnukiai@monaco.lt<\/em><\/p>\n","protected":false},"excerpt":{"rendered":"<p>Novum gradum MB \u012e. k.: 306018218 Adresas: \u017demai\u010di\u0173 79-1, Kaunas A. s.: Paysera LT743500010015185991 Tel. : +37069960022 (10:00-18:00 darbo dienomis) el. pa\u0161tas: laimingisunsnukiai@monaco.lt<\/p>\n","protected":false},"author":2,"featured_media":0,"parent":0,"menu_order":0,"comment_status":"closed","ping_status":"closed","template":"","meta":[],"yoast_head":"<!-- This site is optimized with the Yoast SEO plugin v19.0 - https:\/\/yoast.com\/wordpress\/plugins\/seo\/ -->\n<title>Kontaktai - Alex Monaco KNYGA<\/title>\n<meta name=\"robots\" content=\"index, follow, max-snippet:-1, max-image-preview:large, max-video-preview:-1\" \/>\n<link rel=\"canonical\" href=\"https:\/\/monaco.lt\/pasikrauk\/kontaktai\/\" \/>\n<meta property=\"og:locale\" content=\"lt_LT\" \/>\n<meta property=\"og:type\" content=\"article\" \/>\n<meta property=\"og:title\" content=\"Kontaktai - Alex Monaco KNYGA\" \/>\n<meta property=\"og:description\" content=\"Novum gradum MB \u012e. k.: 306018218 Adresas: \u017demai\u010di\u0173 79-1, Kaunas A. s.: Paysera LT743500010015185991 Tel. : +37069960022 (10:00-18:00 darbo dienomis) el. pa\u0161tas: laimingisunsnukiai@monaco.lt\" \/>\n<meta property=\"og:url\" content=\"https:\/\/monaco.lt\/pasikrauk\/kontaktai\/\" \/>\n<meta property=\"og:site_name\" content=\"Alex Monaco KNYGA\" \/>\n<meta property=\"article:modified_time\" content=\"2022-03-28T14:19:47+00:00\" \/>\n<meta name=\"twitter:card\" content=\"summary_large_image\" \/>\n<script type=\"application\/ld+json\" class=\"yoast-schema-graph\">{\"@context\":\"https:\/\/schema.org\",\"@graph\":[{\"@type\":\"WebSite\",\"@id\":\"https:\/\/monaco.lt\/pasikrauk\/#website\",\"url\":\"https:\/\/monaco.lt\/pasikrauk\/\",\"name\":\"Alex Monaco KNYGA\",\"description\":\"Alex Monaco knyga\",\"potentialAction\":[{\"@type\":\"SearchAction\",\"target\":{\"@type\":\"EntryPoint\",\"urlTemplate\":\"https:\/\/monaco.lt\/pasikrauk\/?s={search_term_string}\"},\"query-input\":\"required name=search_term_string\"}],\"inLanguage\":\"lt-LT\"},{\"@type\":\"WebPage\",\"@id\":\"https:\/\/monaco.lt\/pasikrauk\/kontaktai\/#webpage\",\"url\":\"https:\/\/monaco.lt\/pasikrauk\/kontaktai\/\",\"name\":\"Kontaktai - Alex Monaco KNYGA\",\"isPartOf\":{\"@id\":\"https:\/\/monaco.lt\/pasikrauk\/#website\"},\"datePublished\":\"2018-08-21T07:49:45+00:00\",\"dateModified\":\"2022-03-28T14:19:47+00:00\",\"breadcrumb\":{\"@id\":\"https:\/\/monaco.lt\/pasikrauk\/kontaktai\/#breadcrumb\"},\"inLanguage\":\"lt-LT\",\"potentialAction\":[{\"@type\":\"ReadAction\",\"target\":[\"https:\/\/monaco.lt\/pasikrauk\/kontaktai\/\"]}]},{\"@type\":\"BreadcrumbList\",\"@id\":\"https:\/\/monaco.lt\/pasikrauk\/kontaktai\/#breadcrumb\",\"itemListElement\":[{\"@type\":\"ListItem\",\"position\":1,\"name\":\"Home\",\"item\":\"https:\/\/monaco.lt\/pasikrauk\/\"},{\"@type\":\"ListItem\",\"position\":2,\"name\":\"Kontaktai\"}]}]}<\/script>\n<!-- \/ Yoast SEO plugin. -->","yoast_head_json":{"title":"Kontaktai - Alex Monaco KNYGA","robots":{"index":"index","follow":"follow","max-snippet":"max-snippet:-1","max-image-preview":"max-image-preview:large","max-video-preview":"max-video-preview:-1"},"canonical":"https:\/\/monaco.lt\/pasikrauk\/kontaktai\/","og_locale":"lt_LT","og_type":"article","og_title":"Kontaktai - Alex Monaco KNYGA","og_description":"Novum gradum MB \u012e. k.: 306018218 Adresas: \u017demai\u010di\u0173 79-1, Kaunas A. s.: Paysera LT743500010015185991 Tel. : +37069960022 (10:00-18:00 darbo dienomis) el. pa\u0161tas: laimingisunsnukiai@monaco.lt","og_url":"https:\/\/monaco.lt\/pasikrauk\/kontaktai\/","og_site_name":"Alex Monaco KNYGA","article_modified_time":"2022-03-28T14:19:47+00:00","twitter_card":"summary_large_image","schema":{"@context":"https:\/\/schema.org","@graph":[{"@type":"WebSite","@id":"https:\/\/monaco.lt\/pasikrauk\/#website","url":"https:\/\/monaco.lt\/pasikrauk\/","name":"Alex Monaco KNYGA","description":"Alex Monaco knyga","potentialAction":[{"@type":"SearchAction","target":{"@type":"EntryPoint","urlTemplate":"https:\/\/monaco.lt\/pasikrauk\/?s={search_term_string}"},"query-input":"required name=search_term_string"}],"inLanguage":"lt-LT"},{"@type":"WebPage","@id":"https:\/\/monaco.lt\/pasikrauk\/kontaktai\/#webpage","url":"https:\/\/monaco.lt\/pasikrauk\/kontaktai\/","name":"Kontaktai - Alex Monaco KNYGA","isPartOf":{"@id":"https:\/\/monaco.lt\/pasikrauk\/#website"},"datePublished":"2018-08-21T07:49:45+00:00","dateModified":"2022-03-28T14:19:47+00:00","breadcrumb":{"@id":"https:\/\/monaco.lt\/pasikrauk\/kontaktai\/#breadcrumb"},"inLanguage":"lt-LT","potentialAction":[{"@type":"ReadAction","target":["https:\/\/monaco.lt\/pasikrauk\/kontaktai\/"]}]},{"@type":"BreadcrumbList","@id":"https:\/\/monaco.lt\/pasikrauk\/kontaktai\/#breadcrumb","itemListElement":[{"@type":"ListItem","position":1,"name":"Home","item":"https:\/\/monaco.lt\/pasikrauk\/"},{"@type":"ListItem","position":2,"name":"Kontaktai"}]}]}},"_links":{"self":[{"href":"https:\/\/monaco.lt\/pasikrauk\/wp-json\/wp\/v2\/pages\/99"}],"collection":[{"href":"https:\/\/monaco.lt\/pasikrauk\/wp-json\/wp\/v2\/pages"}],"about":[{"href":"https:\/\/monaco.lt\/pasikrauk\/wp-json\/wp\/v2\/types\/page"}],"author":[{"embeddable":true,"href":"https:\/\/monaco.lt\/pasikrauk\/wp-json\/wp\/v2\/users\/2"}],"replies":[{"embeddable":true,"href":"https:\/\/monaco.lt\/pasikrauk\/wp-json\/wp\/v2\/comments?post=99"}],"version-history":[{"count":9,"href":"https:\/\/monaco.lt\/pasikrauk\/wp-json\/wp\/v2\/pages\/99\/revisions"}],"predecessor-version":[{"id":1404,"href":"https:\/\/monaco.lt\/pasikrauk\/wp-json\/wp\/v2\/pages\/99\/revisions\/1404"}],"wp:attachment":[{"href":"https:\/\/monaco.lt\/pasikrauk\/wp-json\/wp\/v2\/media?parent=99"}],"curies":[{"name":"wp","href":"https:\/\/api.w.org\/{rel}","templated":true}]}}