{"id":98,"date":"2018-08-21T10:51:18","date_gmt":"2018-08-21T07:51:18","guid":{"rendered":"https:\/\/monaco.lt\/pasikrauk\/?page_id=98"},"modified":"2022-03-30T22:56:52","modified_gmt":"2022-03-30T19:56:52","slug":"naudojimosi-taisykles-ir-prekiu-grazinimo-salygos","status":"publish","type":"page","link":"https:\/\/monaco.lt\/pasikrauk\/naudojimosi-taisykles-ir-prekiu-grazinimo-salygos\/","title":{"rendered":"Naudojimosi taisykl\u0117s ir preki\u0173 gr\u0105\u017einimo s\u0105lygos"},"content":{"rendered":"<p><strong>Knygos \u201ePakrautos mintys\u201c pirkimo taisykl\u0117s<\/strong><\/p>\n<p>1. Bendrosios nuostatos<br \/>\n1.1. \u0160ios pirkimo ir pardavimo taisykl\u0117s (toliau \u2013 Taisykl\u0117s) nustato asmens, \u012fsigyjan\u010dio prekes https:\/\/monaco.lt\/pasikrauk\/apmokejimas\/ elektronin\u0117je parduotuv\u0117je (toliau \u2013 Pirk\u0117jas), ir Alex Monaco (toliau \u2013 Pardav\u0117jas) tarpusavio teises, pareigas ir atsakomyb\u0119, Pirk\u0117jui renkantis, u\u017esakant ir perkant elektronin\u0117je parduotuv\u0117je si\u016blomas prekes ar kitaip naudojantis https:\/\/monaco.lt\/pasikrauk\/apmokejimas\/ teikiamomis paslaugomis. \u012esigydamas prekes elektronin\u0117je parduotuv\u0117je, Pirk\u0117jas sutinka su \u0161i\u0173 Taisykli\u0173 taikymu.<br \/>\n1.2. Naudotis elektronin\u0117s parduotuv\u0117s paslaugomis turi teis\u0119:<br \/>\n1.2.1. veiksn\u016bs fiziniai asmenys, ne jaunesni kaip 18 met\u0173 am\u017eiaus;<br \/>\n1.2.2. nepilname\u010diai nuo penkiolikos iki a\u0161tuoniolikos met\u0173 am\u017eiaus tik tur\u0117dami t\u0117v\u0173, \u012ft\u0117vi\u0173 arba r\u016bpintoj\u0173 sutikim\u0105, i\u0161skyrus tuos atvejus, kai savaranki\u0161kai disponuojama savo u\u017edarbiu ar stipendija;<br \/>\n1.2.3. juridiniai asmenys;<br \/>\n1.2.4. vis\u0173 auk\u0161\u010diau nurodyt\u0173 asmen\u0173 \u012fgalioti atstovai.<br \/>\n1.3. Pirk\u0117jo pateikti asmens duomenys (vardas, pavard\u0117, adresas, telefonas, el. pa\u0161to adresas) atliekant u\u017esakym\u0105 naudojami, kad b\u016bt\u0173 galima:<br \/>\n1.3.1. apdoroti Pirk\u0117jo preki\u0173 u\u017esakymus;<br \/>\n1.3.2. i\u0161ra\u0161yti finansinius dokumentus;<br \/>\n1.3.3. i\u0161pr\u0119sti problemas, susijusias su preki\u0173 pateikimu ar pristatymu;<br \/>\n1.3.4. \u012fvykdyti kitus sutartinius \u012fsipareigojimus;<br \/>\n1.4. U\u017esakymo metu Pirk\u0117jas privalo pateikti i\u0161samius ir teisingus asmens duomenis. Pasikeitus Pirk\u0117jo asmens duomenims, Pirk\u0117jas privalo nedelsdamas duomenis atnaujinti.<br \/>\n1.4.1. Atlikus u\u017esakym\u0105 duomenys nesaugomi (\u017er. p. 2.3.).<br \/>\n1.5. Preki\u0173 kainos, nurodytos preki\u0173 kataloge, galioja tik perkant \u0161ias prekes svetain\u0117je https:\/\/monaco.lt\/pasikrauk\/apmokejimas\/ j\u0173 u\u017esakymo pateikimo momentu. Preki\u0173 kainos elektronin\u0117je parduotuv\u0117je ir suformuotame u\u017esakyme nurodomos Eur su PVM. Pristatymo kainos ne\u012fskai\u010diuotos \u2013 jos nurodomos u\u017esakymo metu parduotuv\u0117s puslapyje \u201eapmok\u0117jimas\u201c.<\/p>\n<p>2. Pirkimo-pardavimo sutarties sudarymo momentas<br \/>\n2.1. Pirkimo-pardavimo sutartis tarp Pirk\u0117jo ir Pardav\u0117jo laikoma sudaryta nuo tada, kai Pirk\u0117jas, elektronin\u0117je parduotuv\u0117je suformav\u0119s preki\u0173 krep\u0161el\u012f, nurod\u0119s pristatymo adres\u0105, pasirinko apmok\u0117jimo b\u016bd\u0105 ir atliko apmok\u0117jim\u0105, o Pardav\u0117jas apmok\u0117jim\u0105 gavo, ir galioja iki visi\u0161ko pareig\u0173 pagal \u0161i\u0105 sutart\u012f \u012fvykdymo. Tais atvejais, kai Pirk\u0117jas nepritaria visoms arba tam tikrai daliai Taisykli\u0173, jis privalo nepateikti u\u017esakymo.<br \/>\n2.2. Apie pirkimo-pardavimo sutarties sudarym\u0105 Pardav\u0117jas informuoja Pirk\u0117j\u0105, i\u0161si\u0173sdamas prane\u0161im\u0105 su i\u0161ankstinio mok\u0117jimo s\u0105skaita Pirk\u0117jo nurodytu el. pa\u0161to adresu.<br \/>\n2.3. Kiekviena sutartis, sudaryta tarp Pirk\u0117jo ir Pardav\u0117jo, yra saugoma <a href=\"https:\/\/monaco.lt\/pasikrauk\/apmokejimas\/\">https:\/\/monaco.lt\/pasikrauk\/apmokejimas\/<\/a> duomen\u0173 baz\u0117je.<\/p>\n<p>3. Pirk\u0117jo teis\u0117s ir pareigos<br \/>\n3.1. Pirk\u0117jas turi teis\u0119 pirkti prekes elektronin\u0117je parduotuv\u0117je, vadovaudamasis \u0161iomis Taisykl\u0117mis bei Lietuvos Respublikos teis\u0117s aktais.<br \/>\n3.2. Pirk\u0117jas, naudodamasis U\u017esakymo paslaugomis, sutinka su \u0161iomis pirkimo-pardavimo sutarties Taisykl\u0117mis ir privalo j\u0173 laikytis.<br \/>\n3.3. Pirk\u0117jas atsako u\u017e visus veiksmus, atliktus naudojantis U\u017esakymo paslauga.<br \/>\n3.4. Pirk\u0117jas privalo sumok\u0117ti preki\u0173 ir j\u0173 pristatymo kain\u0105, taip pat kitus mok\u0117jimus (jei tokie nurodyti sudarant sutart\u012f) ir priimti u\u017esakytas prekes.<br \/>\n3.5. Gav\u0119s i\u0161ankstin\u0119 s\u0105skait\u0105 u\u017e u\u017esakytas prekes Pirk\u0117jas sumoka naudodamasis savo banku internete ne v\u0117liau kaip per 24 valandas nuo mygtuko \u201eU\u017esakyti\u201c paspaudimo. Pirk\u0117jo pasirinktos prek\u0117s rezervuojamos bei Pardav\u0117jas imasi vykdyti pirkimo-pardavimo sutart\u012f tik tada, kai Pardav\u0117jas gauna prane\u0161im\u0105 i\u0161 Pirk\u0117jo banko ar Pirk\u0117jo apie atlikt\u0105 mok\u0117jim\u0105 u\u017e pasirinktas prekes. Neatlikus mok\u0117jimo per nurodyt\u0105 laikotarp\u012f, Pirk\u0117jo u\u017esakymas at\u0161aukiamas.<br \/>\n3.6. Pirk\u0117jas privalo priimti u\u017esakytas prekes. Jei Pirk\u0117jas, be svarbi\u0173 prie\u017eas\u010di\u0173 atsisako priimti prekes, jis privalo padengti preki\u0173 gr\u0105\u017einimo i\u0161laidas.<br \/>\n3.7. Pardav\u0117jas neatsako u\u017e jokius tre\u010di\u0173j\u0173 asmen\u0173 veiksmus, kai tokie asmenys, pasinaudoj\u0119 Pirk\u0117jo bankininkyst\u0117s sistema, sudaro pirkimo-pardavimo sutartis, pasinaudodami U\u017esakymo paslaugomis.<\/p>\n<p>4. Pardav\u0117jo teis\u0117s ir pareigos<br \/>\n4.1. Pardav\u0117jas \u012fsipareigoja sudaryti visas s\u0105lygas Pirk\u0117jui tinkamai naudotis elektronin\u0117s parduotuv\u0117s teikiamomis paslaugomis. Pardav\u0117jas neatsako u\u017e nuo jo nepriklausan\u010di\u0173 aplinkybi\u0173 (tre\u010di\u0173j\u0173 \u0161ali\u0173 \u012ftak\u0105), jeigu elektronin\u0117s parduotuv\u0117s veikimas sutriks.<br \/>\n4.2. Jei Pirk\u0117jas bando pakenkti elektronin\u0117s parduotuv\u0117s darbui ar stabiliam veikimui, Pardav\u0117jas gali be i\u0161ankstinio persp\u0117jimo apriboti, sustabdyti (nutraukti) jam galimyb\u0119 naudotis elektronine parduotuve ir neatsako u\u017e jokius su tuo susijusius Pirk\u0117jo nuostolius.<br \/>\n4.3. Pardav\u0117jas turi teis\u0119 viena\u0161ali\u0161kai pakeisti \u0161ias Taisykles, jas paskelbdamas elektronin\u0117s parduotuv\u0117s tinklalapyje. Pakeitimai \u012fsigalioja nuo paskelbimo momento visiems po paskelbimo sudaromiems sandoriams.<br \/>\n4.4. Pardav\u0117jas \u012fsipareigoja laikytis kit\u0173 \u0161iose Taisykl\u0117se nustatyt\u0173 reikalavim\u0173.<br \/>\n4.5. Pardav\u0117jas turi kitas Taisykl\u0117se ir Lietuvos Respublikos teis\u0117s aktuose numatytas teises.<\/p>\n<p>5. Preki\u0173 pristatymas<br \/>\n5.1. Prekes, Pirk\u0117jo s\u0105skaita, pristato transporto \u012fmon\u0117. Atskirais, Pardav\u0117jo nurodytais atvejais, prek\u0117s pristatomos Pardav\u0117jo s\u0105skaita.<br \/>\n5.2. Tiksli pristatymo kaina priklauso nuo u\u017esakom\u0173 preki\u0173 svorio, sumos, vietov\u0117s, kur siun\u010diamas produktas (knyga).<br \/>\n5.3. Prek\u0117s u\u017ene\u0161imo paslauga u\u017esakoma atskirai iki apmok\u0117jimo u\u017e prekes ir pasirinktas paslaugas. Prek\u0117s u\u017ene\u0161imo paslaug\u0105 apmoka Pirk\u0117jas. Atskirais Pardav\u0117jo nurodytais atvejais prek\u0117s u\u017ene\u0161imo paslaug\u0105 apmoka Pardav\u0117jas.<br \/>\n5.4. <strong>Jeigu produktas (knyga \u201ePakrautos mintys\u201c) yra pagamintas<\/strong>, jis \u012fprastai pristatomas Pirk\u0117jo nurodytu adresu per 2-7 darbo dienas nuo gauto apmok\u0117jimo u\u017e prekes. Ta\u010diau <strong>\u0161is puslapis skirtas i\u0161ankstiniam pristatymui, tod\u0117l prek\u0117s siun\u010diamos TIK JAS PAGAMINUS! Pagaminimo datos skelbiamos puslapyje: <\/strong><a href=\"http:\/\/www.monaco.lt\/pakrautos-mintys\/\"><strong>www.monaco.lt\/pakrautos-mintys\/<\/strong><\/a><br \/>\n5.4. Prek\u0117s pristatomos visoje Lietuvos Respublikos teritorijoje, \u012fskaitant Kur\u0161i\u0173 nerij\u0105 (taikoma papildoma priemoka). Prek\u0117s pristatomos visoje Europoje ir JAV.<br \/>\n5.5. Tiksli preki\u0173 pristatymo diena nurodoma Pardav\u0117jo Pirk\u0117jui pateikiamame prane\u0161ime el. pa\u0161to adresu, Pirk\u0117jo nurodytu registracijos formoje.<br \/>\n5.6. Siuntos pristatymo metu Pirk\u0117jas ar, atsi\u017evelgiant \u012f atvej\u012f, Pirk\u0117jo atstovas, privalo kartu su transporto \u012fmon\u0117s atstovu patikrinti siuntos pakuot\u0117s b\u016bkl\u0119, preki\u0173 kiek\u012f, kokyb\u0119 ir asortiment\u0105.<br \/>\n5.6.1. Nusta\u010dius siuntos pakuot\u0117s pa\u017eeidim\u0105, preki\u0173 kiekio, kokyb\u0117s, asortimento neatitikim\u0105, Pirk\u0117jas ar, atsi\u017evelgiant \u012f atvej\u012f, Pirk\u0117jo atstovas siuntos privalo nepriimti. Tokiu atveju transporto \u012fmon\u0117s atstovas kartu su Pirk\u0117ju ar, atsi\u017evelgiant \u012f atvej\u012f, Pirk\u0117jo atstovu u\u017epildo special\u0173 siunt\u0173 patikrinimo akt\u0105, kuriame nurodo rastus pa\u017eeidimus.<br \/>\n5.6.2. Pirk\u0117jui ar, atsi\u017evelgiant \u012f atvej\u012f, Pirk\u0117jo atstovui, pri\u0117mus siunt\u0105 ir pasira\u0161ius transporto \u012fmon\u0117s atstovo pateiktame duomen\u0173 kaupiklyje arba popieriniame pristatymo patvirtinime be pastab\u0173, laikoma, kad prek\u0117s pristatytos nepa\u017eeistoje siuntos pakuot\u0117je, preki\u0173 kiekis, kokyb\u0117, asortimentas atitinka pirkimo ir pardavimo sutarties s\u0105lygas, papildomos paslaugos, nurodytos duomen\u0173 kaupiklyje arba popieriniame pristatymo patvirtinime, tinkamai atliktos, jei ne\u012frodoma prie\u0161ingai.<br \/>\n5.7. Kartu su u\u017esakytomis prek\u0117mis Pirk\u0117jui pristatoma PVM s\u0105skaita-fakt\u016bra, patvirtinanti preki\u0173 \u012fsigijimo fakt\u0105.<br \/>\n5.8. Prista\u010dius ir perdavus prekes Pirk\u0117jo nurodytu adresu, laikoma, kad prek\u0117s Pirk\u0117jui yra perduotos, neatsi\u017evelgiant \u012f tai, ar prekes fakti\u0161kai priima Pirk\u0117jas, ar bet kuris kitas asmuo, pri\u0117m\u0119s prekes nurodytu adresu. Jei planuojam\u0105 preki\u0173 pristatymo dien\u0105 prek\u0117s nepristatomos, Pirk\u0117jas nedelsdamas, bet ne v\u0117liau kaip kit\u0105 dien\u0105 po planuotos preki\u0173 pristatymo dienos, apie tai informuoja Pardav\u0117j\u0105.<br \/>\n5.9. Jei prekes priims ne Pirk\u0117jas, Pirk\u0117jas privalo nurodyti prekes priimsian\u010dio asmens duomenis, pildydamas u\u017esakymo pristatymo informacij\u0105.<\/p>\n<p>6. Atsakomyb\u0117<br \/>\n6.1. Pirk\u0117jas atsako u\u017e registracijos formoje pateikt\u0173 duomen\u0173 teisingum\u0105. Pirk\u0117jas prisiima atsakomyb\u0119 u\u017e padarinius, kilusius d\u0117l registracijos formoje pateikt\u0173 duomen\u0173 klaidingumo ar netikslumo.<br \/>\n6.2. U\u017e pirkimo-pardavimo sutarties, sudarytos naudojantis elektronine parduotuve, pa\u017eeidim\u0105 \u0161alys atsako Lietuvos Respublikos teis\u0117s akt\u0173 nustatyta tvarka.<br \/>\n6.3. Pardav\u0117jas neatsako u\u017e kit\u0173 \u012fmoni\u0173 tinklalapiuose pateikt\u0105 informacij\u0105, net jei Pirk\u0117jas patenka \u012f \u0161iuos tinklalapius per Pardav\u0117jo elektronin\u0117je parduotuv\u0117je esan\u010dias nuorodas.<br \/>\n6.4. Pardav\u0117jas neatsako u\u017e tai, kad elektronin\u0117je parduotuv\u0117je pateiktos prek\u0117s savo spalva, forma ar kitais parametrais neatitinka realaus preki\u0173 dyd\u017eio, form\u0173 ir spalvos d\u0117l Pirk\u0117jo naudojamo vaizduoklio ypatum\u0173.<\/p>\n<p>7. Asmens duomen\u0173 tvarkymas<br \/>\n7.1. Paspausdamas mygtuk\u0105 \u201eU\u017esakyti\u201c, Pirk\u0117jas patvirtina, kad jis ir\/ar jo atstovai (Pirk\u0117jas turi savo atstov\u0173 sutikimus) sutinka pateikti Pardav\u0117jui \u0161iose Taisykl\u0117se ir registracijos formoje nurodytus savo asmens duomenis bei neprie\u0161tarauja, kad Pirk\u0117jo ir\/ar jo atstov\u0173 pateiktus asmens duomenis Pardav\u0117jas tvarkyt\u0173 internetin\u0117s prekybos tikslu.<br \/>\n7.2. Paspausdamas mygtuk\u0105 \u201eU\u017esakyti\u201c, Pirk\u0117jas patvirtina, kad jis ir jo atstovai (Pirk\u0117jas turi savo atstov\u0173 sutikimus) sutinka pateikti Pardav\u0117jui ir\/ar tre\u010diajam asmeniui, Pardav\u0117jo nurodymu prista\u010diusiam prekes, vien\u0105 i\u0161 asmen\u012f identifikuojan\u010di\u0173 dokument\u0173: pas\u0105, asmens tapatyb\u0117s kortel\u0119, naujo pavyzd\u017eio vairuotojo pa\u017eym\u0117jim\u0105, siekiant tinkamai identifikuoti Pirk\u0117j\u0105 ir\/ar jo atstovus internetin\u0117s prekybos tikslu. Pirk\u0117jas taip pat patvirtina, kad jis ir jo atstovai (Pirk\u0117jas turi savo atstov\u0173 sutikimus) sutinka, kad preki\u0173 atsi\u0117mimo metu preki\u0173 atsi\u0117mimo vietoje Pardav\u0117jas ir\/ar tre\u010diasis asmuo, Pardav\u0117jo nurodymu pristat\u0119s prekes, nusira\u0161yt\u0173 Pirk\u0117jo ir\/ar jo atstovo pateikto asmen\u012f identifikuojan\u010dio dokumento duomenis ir \u0161iuos duomenis tvarkyt\u0173 (\u012fskaitant, bet neapsiribojant duomen\u0173 perdavim\u0105 Pardav\u0117jui) internetin\u0117s prekybos tikslu.<br \/>\n7.3. Paspausdamas mygtuk\u0105 \u201eU\u017esakyti\u201c, Pirk\u0117jas patvirtina, kad jis (jei Pirk\u0117jas yra fizinis asmuo) ir jo atstovai yra informuoti apie savo teis\u0119 susipa\u017einti su Pardav\u0117jo tvarkomais savo asmens duomenimis ir kaip jie yra tvarkomi, gali reikalauti i\u0161taisyti, sunaikinti savo asmens duomenis arba sustabdyti savo asmens duomen\u0173 tvarkymo veiksmus, kai duomenys tvarkomi nesilaikant \u012fstatym\u0173 nuostat\u0173, nesutikti, kad b\u016bt\u0173 tvarkomi j\u0173 asmens duomenys bet kuriuo i\u0161 tiksl\u0173.<br \/>\n7.4. Paspausdamas mygtuk\u0105 \u201eU\u017esakyti\u201c, Pirk\u0117jas patvirtina, kad jis ir jo atstovai \u017eino turintys teis\u0119 atsisakyti pateikti savo asmens duomenis, ta\u010diau supranta, kad asmens duomenys yra reikalingi ir b\u016btini siekiant vienareik\u0161mi\u0161kai identifikuoti Pirk\u0117j\u0105 ir\/ar jo atstovus internetin\u0117s prekybos tikslais, ir nepateikus asmens duomen\u0173 bei\/ar nesutikus, kad jie b\u016bt\u0173 tvarkomi internetin\u0117s prekybos tikslu, negal\u0117s sudaryti ir\/ar vykdyti sutarties.<\/p>\n<p>8. Informacijos siuntimas<br \/>\n8.1. Pardav\u0117jas visus prane\u0161imus siun\u010dia Pirk\u0117jo registracijos formoje pateiktu elektroninio pa\u0161to adresu.<br \/>\n8.2. Pirk\u0117jas visus prane\u0161imus ir klausimus siun\u010dia Pardav\u0117jo elektronin\u0117s parduotuv\u0117s skyriuje \u201eKontaktai\u201c nurodytu adresu.<\/p>\n<p>9.<strong> Preki\u0173 gr\u0105\u017einimas internetiniams u\u017esakymams<br \/>\n<\/strong>9.1. Nor\u0117dami gr\u0105\u017einti \u012fsigytas prekes, pra\u0161ome para\u0161yti mums el. pa\u0161tu <a href=\"mailto:laimingisunsnukiai@monaco.lt\">laimingisunsnukiai@monaco.lt<\/a>. Pateikite pra\u0161au \u0161i\u0105 informacij\u0105: a) prek\u0117s pavadinim\u0105, b) apmok\u0117jimo kvit\u0105, c) gr\u0105\u017einimo prie\u017east\u012f.<br \/>\n9.2. Gav\u0119 J\u016bs\u0173 prane\u0161im\u0105 susisieksime su Jumis asmeni\u0161kai ir suderinsime gr\u0105\u017einimo tvark\u0105 ir s\u0105lygas. Kaip numato Europos S\u0105jungos el. prekyb\u0105 reglamentuojantys \u012fstatymai, gav\u0119 gr\u0105\u017einamas prekes per ne v\u0117liau kaip 14 d., gr\u0105\u017einsime Jums pinigus \u012f nurodyt\u0105 s\u0105skait\u0105 arba pakeisime prek\u0119 kita. Preki\u0173 pristatymo pardav\u0117jui i\u0161laidas apmoka pirk\u0117jas. Nor\u0117damas gr\u0105\u017einti prek\u0119(es), Pirk\u0117jas privalo laikytis \u0161i\u0173 s\u0105lyg\u0173: gr\u0105\u017einama prek\u0117 turi b\u016bti Pirk\u0117jo nesugadinta. Prek\u0117 turi b\u016bti nepraradusi prekin\u0117s i\u0161vaizdos, nesubrai\u017eytu pavir\u0161iumi. \u0160is punktas netaikomas tuo atveju, kai gr\u0105\u017einama nekokybi\u0161ka prek\u0117. Prek\u0117s ar jos pakuot\u0117s i\u0161vaizdos pakeitim\u0173, kurie buvo b\u016btini norint ap\u017ei\u016br\u0117ti prek\u0119, negalima laikyti esminiais prek\u0117s i\u0161vaizdos pakeitimais. Gr\u0105\u017einama prek\u0117 turi b\u016bti tos pa\u010dios komplektacijos, kokios buvo Pirk\u0117jo gauta.<br \/>\n9.3. Kilus neai\u0161kum\u0173, klausim\u0173 ar nusiskundim\u0173, pirmiausiai si\u016blome kreiptis \u012f mus el. pa\u0161tu <a href=\"mailto:laimingisunsnukiai@monaco.lt\">laimingisunsnukiai@monaco.lt<\/a> arba telefonu nurodytu kontakt\u0173 skiltyje. Neradus bendro sutarimo, pra\u0161ymus ar skundus d\u0117l Pardav\u0117jo elektronin\u0117je parduotuv\u0117je \u012fsigytos Prek\u0117s Pirk\u0117jas gali pateikti elektronin\u0117je vartotoj\u0173 gin\u010d\u0173 sprendimo platformoje <a href=\"https:\/\/ec.europa.eu\/consumers\/odr\/main\/index.cfm?event=main.home.chooseLanguage\">http:\/\/ec.europa.eu\/odr\/<\/a>.<\/p>\n<p>10. Baigiamosios nuostatos<br \/>\n10.1. \u0160ios Taisykl\u0117s neriboja Pirk\u0117jo (vartotojo) teisi\u0173, nustatyt\u0173 Lietuvos Respublikos teis\u0117s aktuose, \u012fskaitant teisi\u0173 \u012fsigijus netinkamos kokyb\u0117s prek\u0119 ar paslaug\u0105.<br \/>\n10.2. Visi nesutarimai, kil\u0119 i\u0161 ar susij\u0119 su pirkimo ir pardavimo sutartimi tarp Pirk\u0117jo ir Pardav\u0117jo, yra sprend\u017eiami derybomis. Nepavykus susitarti, nesutarimai sprend\u017eiami Lietuvos Respublikos teis\u0117s akt\u0173 nustatyta tvarka.<\/p>\n","protected":false},"excerpt":{"rendered":"<p>Knygos \u201ePakrautos mintys\u201c pirkimo taisykl\u0117s 1. Bendrosios nuostatos 1.1. \u0160ios pirkimo ir pardavimo taisykl\u0117s (toliau \u2013 Taisykl\u0117s) nustato asmens, \u012fsigyjan\u010dio prekes https:\/\/monaco.lt\/pasikrauk\/apmokejimas\/ elektronin\u0117je parduotuv\u0117je (toliau \u2013 Pirk\u0117jas), ir Alex Monaco (toliau \u2013 Pardav\u0117jas) tarpusavio teises, pareigas ir atsakomyb\u0119, Pirk\u0117jui renkantis, u\u017esakant ir perkant elektronin\u0117je parduotuv\u0117je si\u016blomas prekes ar kitaip naudojantis https:\/\/monaco.lt\/pasikrauk\/apmokejimas\/ teikiamomis paslaugomis. \u012esigydamas prekes &hellip; <\/p>\n<p class=\"link-more\"><a href=\"https:\/\/monaco.lt\/pasikrauk\/naudojimosi-taisykles-ir-prekiu-grazinimo-salygos\/\" class=\"more-link\">Toliau skaityti<span class=\"screen-reader-text\"> \u201eNaudojimosi taisykl\u0117s ir preki\u0173 gr\u0105\u017einimo s\u0105lygos\u201c<\/span><\/a><\/p>\n","protected":false},"author":2,"featured_media":0,"parent":0,"menu_order":0,"comment_status":"closed","ping_status":"closed","template":"","meta":[],"yoast_head":"<!-- This site is optimized with the Yoast SEO plugin v19.0 - https:\/\/yoast.com\/wordpress\/plugins\/seo\/ -->\n<title>Naudojimosi taisykl\u0117s ir preki\u0173 gr\u0105\u017einimo s\u0105lygos - Alex Monaco KNYGA<\/title>\n<meta name=\"robots\" content=\"index, follow, max-snippet:-1, max-image-preview:large, max-video-preview:-1\" \/>\n<link rel=\"canonical\" href=\"https:\/\/monaco.lt\/pasikrauk\/naudojimosi-taisykles-ir-prekiu-grazinimo-salygos\/\" \/>\n<meta property=\"og:locale\" content=\"lt_LT\" \/>\n<meta property=\"og:type\" content=\"article\" \/>\n<meta property=\"og:title\" content=\"Naudojimosi taisykl\u0117s ir preki\u0173 gr\u0105\u017einimo s\u0105lygos - Alex Monaco KNYGA\" \/>\n<meta property=\"og:description\" content=\"Knygos \u201ePakrautos mintys\u201c pirkimo taisykl\u0117s 1. Bendrosios nuostatos 1.1. \u0160ios pirkimo ir pardavimo taisykl\u0117s (toliau \u2013 Taisykl\u0117s) nustato asmens, \u012fsigyjan\u010dio prekes https:\/\/monaco.lt\/pasikrauk\/apmokejimas\/ elektronin\u0117je parduotuv\u0117je (toliau \u2013 Pirk\u0117jas), ir Alex Monaco (toliau \u2013 Pardav\u0117jas) tarpusavio teises, pareigas ir atsakomyb\u0119, Pirk\u0117jui renkantis, u\u017esakant ir perkant elektronin\u0117je parduotuv\u0117je si\u016blomas prekes ar kitaip naudojantis https:\/\/monaco.lt\/pasikrauk\/apmokejimas\/ teikiamomis paslaugomis. \u012esigydamas prekes &hellip; Toliau skaityti &quot;Naudojimosi taisykl\u0117s ir preki\u0173 gr\u0105\u017einimo s\u0105lygos&quot;\" \/>\n<meta property=\"og:url\" content=\"https:\/\/monaco.lt\/pasikrauk\/naudojimosi-taisykles-ir-prekiu-grazinimo-salygos\/\" \/>\n<meta property=\"og:site_name\" content=\"Alex Monaco KNYGA\" \/>\n<meta property=\"article:modified_time\" content=\"2022-03-30T19:56:52+00:00\" \/>\n<meta name=\"twitter:card\" content=\"summary_large_image\" \/>\n<meta name=\"twitter:label1\" content=\"Est. reading time\" \/>\n\t<meta name=\"twitter:data1\" content=\"10 minu\u010di\u0173\" \/>\n<script type=\"application\/ld+json\" class=\"yoast-schema-graph\">{\"@context\":\"https:\/\/schema.org\",\"@graph\":[{\"@type\":\"WebSite\",\"@id\":\"https:\/\/monaco.lt\/pasikrauk\/#website\",\"url\":\"https:\/\/monaco.lt\/pasikrauk\/\",\"name\":\"Alex Monaco KNYGA\",\"description\":\"Alex Monaco knyga\",\"potentialAction\":[{\"@type\":\"SearchAction\",\"target\":{\"@type\":\"EntryPoint\",\"urlTemplate\":\"https:\/\/monaco.lt\/pasikrauk\/?s={search_term_string}\"},\"query-input\":\"required name=search_term_string\"}],\"inLanguage\":\"lt-LT\"},{\"@type\":\"WebPage\",\"@id\":\"https:\/\/monaco.lt\/pasikrauk\/naudojimosi-taisykles-ir-prekiu-grazinimo-salygos\/#webpage\",\"url\":\"https:\/\/monaco.lt\/pasikrauk\/naudojimosi-taisykles-ir-prekiu-grazinimo-salygos\/\",\"name\":\"Naudojimosi taisykl\u0117s ir preki\u0173 gr\u0105\u017einimo s\u0105lygos - Alex Monaco KNYGA\",\"isPartOf\":{\"@id\":\"https:\/\/monaco.lt\/pasikrauk\/#website\"},\"datePublished\":\"2018-08-21T07:51:18+00:00\",\"dateModified\":\"2022-03-30T19:56:52+00:00\",\"breadcrumb\":{\"@id\":\"https:\/\/monaco.lt\/pasikrauk\/naudojimosi-taisykles-ir-prekiu-grazinimo-salygos\/#breadcrumb\"},\"inLanguage\":\"lt-LT\",\"potentialAction\":[{\"@type\":\"ReadAction\",\"target\":[\"https:\/\/monaco.lt\/pasikrauk\/naudojimosi-taisykles-ir-prekiu-grazinimo-salygos\/\"]}]},{\"@type\":\"BreadcrumbList\",\"@id\":\"https:\/\/monaco.lt\/pasikrauk\/naudojimosi-taisykles-ir-prekiu-grazinimo-salygos\/#breadcrumb\",\"itemListElement\":[{\"@type\":\"ListItem\",\"position\":1,\"name\":\"Home\",\"item\":\"https:\/\/monaco.lt\/pasikrauk\/\"},{\"@type\":\"ListItem\",\"position\":2,\"name\":\"Naudojimosi taisykl\u0117s ir preki\u0173 gr\u0105\u017einimo s\u0105lygos\"}]}]}<\/script>\n<!-- \/ Yoast SEO plugin. -->","yoast_head_json":{"title":"Naudojimosi taisykl\u0117s ir preki\u0173 gr\u0105\u017einimo s\u0105lygos - Alex Monaco KNYGA","robots":{"index":"index","follow":"follow","max-snippet":"max-snippet:-1","max-image-preview":"max-image-preview:large","max-video-preview":"max-video-preview:-1"},"canonical":"https:\/\/monaco.lt\/pasikrauk\/naudojimosi-taisykles-ir-prekiu-grazinimo-salygos\/","og_locale":"lt_LT","og_type":"article","og_title":"Naudojimosi taisykl\u0117s ir preki\u0173 gr\u0105\u017einimo s\u0105lygos - Alex Monaco KNYGA","og_description":"Knygos \u201ePakrautos mintys\u201c pirkimo taisykl\u0117s 1. Bendrosios nuostatos 1.1. \u0160ios pirkimo ir pardavimo taisykl\u0117s (toliau \u2013 Taisykl\u0117s) nustato asmens, \u012fsigyjan\u010dio prekes https:\/\/monaco.lt\/pasikrauk\/apmokejimas\/ elektronin\u0117je parduotuv\u0117je (toliau \u2013 Pirk\u0117jas), ir Alex Monaco (toliau \u2013 Pardav\u0117jas) tarpusavio teises, pareigas ir atsakomyb\u0119, Pirk\u0117jui renkantis, u\u017esakant ir perkant elektronin\u0117je parduotuv\u0117je si\u016blomas prekes ar kitaip naudojantis https:\/\/monaco.lt\/pasikrauk\/apmokejimas\/ teikiamomis paslaugomis. \u012esigydamas prekes &hellip; Toliau skaityti \"Naudojimosi taisykl\u0117s ir preki\u0173 gr\u0105\u017einimo s\u0105lygos\"","og_url":"https:\/\/monaco.lt\/pasikrauk\/naudojimosi-taisykles-ir-prekiu-grazinimo-salygos\/","og_site_name":"Alex Monaco KNYGA","article_modified_time":"2022-03-30T19:56:52+00:00","twitter_card":"summary_large_image","twitter_misc":{"Est. reading time":"10 minu\u010di\u0173"},"schema":{"@context":"https:\/\/schema.org","@graph":[{"@type":"WebSite","@id":"https:\/\/monaco.lt\/pasikrauk\/#website","url":"https:\/\/monaco.lt\/pasikrauk\/","name":"Alex Monaco KNYGA","description":"Alex Monaco knyga","potentialAction":[{"@type":"SearchAction","target":{"@type":"EntryPoint","urlTemplate":"https:\/\/monaco.lt\/pasikrauk\/?s={search_term_string}"},"query-input":"required name=search_term_string"}],"inLanguage":"lt-LT"},{"@type":"WebPage","@id":"https:\/\/monaco.lt\/pasikrauk\/naudojimosi-taisykles-ir-prekiu-grazinimo-salygos\/#webpage","url":"https:\/\/monaco.lt\/pasikrauk\/naudojimosi-taisykles-ir-prekiu-grazinimo-salygos\/","name":"Naudojimosi taisykl\u0117s ir preki\u0173 gr\u0105\u017einimo s\u0105lygos - Alex Monaco KNYGA","isPartOf":{"@id":"https:\/\/monaco.lt\/pasikrauk\/#website"},"datePublished":"2018-08-21T07:51:18+00:00","dateModified":"2022-03-30T19:56:52+00:00","breadcrumb":{"@id":"https:\/\/monaco.lt\/pasikrauk\/naudojimosi-taisykles-ir-prekiu-grazinimo-salygos\/#breadcrumb"},"inLanguage":"lt-LT","potentialAction":[{"@type":"ReadAction","target":["https:\/\/monaco.lt\/pasikrauk\/naudojimosi-taisykles-ir-prekiu-grazinimo-salygos\/"]}]},{"@type":"BreadcrumbList","@id":"https:\/\/monaco.lt\/pasikrauk\/naudojimosi-taisykles-ir-prekiu-grazinimo-salygos\/#breadcrumb","itemListElement":[{"@type":"ListItem","position":1,"name":"Home","item":"https:\/\/monaco.lt\/pasikrauk\/"},{"@type":"ListItem","position":2,"name":"Naudojimosi taisykl\u0117s ir preki\u0173 gr\u0105\u017einimo s\u0105lygos"}]}]}},"_links":{"self":[{"href":"https:\/\/monaco.lt\/pasikrauk\/wp-json\/wp\/v2\/pages\/98"}],"collection":[{"href":"https:\/\/monaco.lt\/pasikrauk\/wp-json\/wp\/v2\/pages"}],"about":[{"href":"https:\/\/monaco.lt\/pasikrauk\/wp-json\/wp\/v2\/types\/page"}],"author":[{"embeddable":true,"href":"https:\/\/monaco.lt\/pasikrauk\/wp-json\/wp\/v2\/users\/2"}],"replies":[{"embeddable":true,"href":"https:\/\/monaco.lt\/pasikrauk\/wp-json\/wp\/v2\/comments?post=98"}],"version-history":[{"count":14,"href":"https:\/\/monaco.lt\/pasikrauk\/wp-json\/wp\/v2\/pages\/98\/revisions"}],"predecessor-version":[{"id":1415,"href":"https:\/\/monaco.lt\/pasikrauk\/wp-json\/wp\/v2\/pages\/98\/revisions\/1415"}],"wp:attachment":[{"href":"https:\/\/monaco.lt\/pasikrauk\/wp-json\/wp\/v2\/media?parent=98"}],"curies":[{"name":"wp","href":"https:\/\/api.w.org\/{rel}","templated":true}]}}