{"id":516,"date":"2023-02-20T20:28:47","date_gmt":"2023-02-20T22:28:47","guid":{"rendered":"https:\/\/monaco.lt\/parduotuve\/?post_type=product&#038;p=516"},"modified":"2025-05-27T16:33:49","modified_gmt":"2025-05-27T18:33:49","slug":"laimingi-sunsnukiai-revansas","status":"publish","type":"product","link":"https:\/\/monaco.lt\/parduotuve\/produktas\/laimingi-sunsnukiai-revansas\/","title":{"rendered":"Knyga \u201eREVAN\u0160AS: Laimingi \u0160unsnukiai\u201c PASKUTINIS TIRA\u017dAS"},"content":{"rendered":"<p><strong>D\u0117mesio!<\/strong> \u0160i knyga yra mega bestselerio <strong>\u201eLaimingi \u0161unsnukiai\u201c<\/strong> antroji dalis.<\/p>\r\n<!-- \/wp:paragraph -->\r\n\r\n<!-- wp:paragraph -->\r\n<p>Tai i\u0161skirtinis ir <strong>paskutinis leidimas,<\/strong> kuris niekada nebepasikartos!<\/p>\r\n<!-- \/wp:paragraph -->\r\n\r\n<!-- wp:paragraph -->\r\n<p>Nors \u0161i knyga buvo visur \u2013 ji buvo I\u0160GRAIBSTYTA, tod\u0117l neberasite jos nei \u201ePegase\u201c, nei \u201eKnygos.lt\u201c, nei kitose online parduotuv\u0117se. Liko paskutin\u0117 partija. <strong>Tai rei\u0161kia, kad jeigu ne\u012fsigysi \u0161ios knygos, daugiau netur\u0117si progos to padaryti. Nes ji daugiau NIEKADA nebus spausdinama lietuvi\u0173 kalba. Tai pa\u017eadas.<\/strong><\/p>\r\n<!-- \/wp:paragraph -->\r\n\r\n<!-- wp:paragraph -->\r\n<p>Perskaityk slaptus susira\u0161in\u0117jimus su s\u0117kmingais \u017emon\u0117mis ir pagaliau atrask narsos \u017eengti pirm\u0105, antr\u0105, ir kitus reik\u0161mingus \u017eingsnius!<\/p>","protected":false},"excerpt":{"rendered":"<p><strong>D\u0117mesio!<\/strong> \u0160i knyga yra mega bestselerio <strong>\u201eLaimingi \u0161unsnukiai\u201c<\/strong> antroji dalis.<\/p>\n<p><!-- \/wp:paragraph --><\/p>\n<p><!-- wp:paragraph --><\/p>\n<p>Tai i\u0161skirtinis ir <strong>paskutinis leidimas,<\/strong> kuris niekada nebepasikartos!<\/p>\n<p><!-- \/wp:paragraph --><\/p>\n<p><!-- wp:paragraph --><\/p>\n<p>Nors \u0161i knyga buvo visur \u2013 ji buvo I\u0160GRAIBSTYTA, tod\u0117l neberasite jos nei \u201ePegase\u201c, nei \u201eKnygos.lt\u201c, nei kitose online parduotuv\u0117se. Liko paskutin\u0117 partija. <strong>Tai rei\u0161kia, kad jeigu ne\u012fsigysi \u0161ios knygos, daugiau netur\u0117si progos to padaryti. Nes ji daugiau NIEKADA nebus spausdinama lietuvi\u0173 kalba. Tai pa\u017eadas.<\/strong><\/p>\n<p><!-- \/wp:paragraph --><\/p>\n<p><!-- wp:paragraph --><\/p>\n<p>Perskaityk slaptus susira\u0161in\u0117jimus su s\u0117kmingais \u017emon\u0117mis ir pagaliau atrask narsos \u017eengti pirm\u0105, antr\u0105, ir kitus reik\u0161mingus \u017eingsnius!<\/p>\n<p>\u2013 Su\u017einok 2\ufe0f\u20e31\ufe0f\u20e3 istorij\u0105 (jas jau perskait\u0117 de\u0161imtys t\u016bkstan\u010di\u0173 \u017emoni\u0173). \u2013 I\u0161bandyk emocij\u0173 gesintuv\u0105! \u2013 Pasinaudok I\u0161minties kum\u0161\u010diu. \u2013 Priimk radikali\u0105 ties\u0105 apie laim\u0119, \u2764\ufe0f ir\u2026 \u2013 Perskaityk slaptus susira\u0161in\u0117jimus su charizmati\u0161komis asmenyb\u0117mis.<\/p>\n","protected":false},"featured_media":517,"comment_status":"open","ping_status":"closed","template":"","meta":[],"product_cat":[15],"product_tag":[],"_links":{"self":[{"href":"https:\/\/monaco.lt\/parduotuve\/wp-json\/wp\/v2\/product\/516"}],"collection":[{"href":"https:\/\/monaco.lt\/parduotuve\/wp-json\/wp\/v2\/product"}],"about":[{"href":"https:\/\/monaco.lt\/parduotuve\/wp-json\/wp\/v2\/types\/product"}],"replies":[{"embeddable":true,"href":"https:\/\/monaco.lt\/parduotuve\/wp-json\/wp\/v2\/comments?post=516"}],"wp:featuredmedia":[{"embeddable":true,"href":"https:\/\/monaco.lt\/parduotuve\/wp-json\/wp\/v2\/media\/517"}],"wp:attachment":[{"href":"https:\/\/monaco.lt\/parduotuve\/wp-json\/wp\/v2\/media?parent=516"}],"wp:term":[{"taxonomy":"product_cat","embeddable":true,"href":"https:\/\/monaco.lt\/parduotuve\/wp-json\/wp\/v2\/product_cat?post=516"},{"taxonomy":"product_tag","embeddable":true,"href":"https:\/\/monaco.lt\/parduotuve\/wp-json\/wp\/v2\/product_tag?post=516"}],"curies":[{"name":"wp","href":"https:\/\/api.w.org\/{rel}","templated":true}]}}