{"id":1292,"date":"2026-05-04T07:54:13","date_gmt":"2026-05-04T09:54:13","guid":{"rendered":"https:\/\/monaco.lt\/parduotuve\/?post_type=product&#038;p=1292"},"modified":"2026-05-04T08:00:53","modified_gmt":"2026-05-04T10:00:53","slug":"deimantine-moteris","status":"publish","type":"product","link":"https:\/\/monaco.lt\/parduotuve\/produktas\/deimantine-moteris\/","title":{"rendered":"Deimantin\u0117 Moteris (Autorinis spektaklis moterims)"},"content":{"rendered":"<p><b>Spektaklyje kalbama apie:<\/b><\/p>\n<ol>\n<li aria-level=\"1\">Moteri\u0161kas rauk\u0161les<\/li>\n<li aria-level=\"1\">Sielos randus<\/li>\n<li aria-level=\"1\">Universal\u0173 moters s\u0117km\u0117s d\u0117sn\u012f, kur\u012f autorius su\u017einojo i\u0161 tobulos moters<\/li>\n<li aria-level=\"1\">Barjerus, stabd\u017eius ir realias prie\u017eastis, trukdan\u010dias moterims<\/li>\n<li aria-level=\"1\">Geriausi\u0105 b\u016bd\u0105 pasiekti ramyb\u0117s ir laisv\u0117s (i\u0161bandyt\u0105 i\u0161mintingiausi\u0173 moter\u0173)<\/li>\n<li aria-level=\"1\">Spaudim\u0105, kur\u012f patiria moterys visuomen\u0117je, jos tapatyb\u0119 ir laisv\u0119<\/li>\n<li aria-level=\"1\">Sav\u0119s atradim\u0105<\/li>\n<li aria-level=\"1\">Moters nepriklausomyb\u0119<\/li>\n<\/ol>\n<p>Kvie\u010diame moteris patirti nepakartojam\u0105 gyvenimo, laim\u0117s ir laisv\u0117s skon\u012f.<\/p>\n<p>\u201eDeimantin\u0117 moteris\u201c \u2013 <b>\u00a0<\/b>kur slypi tikroji moters galia?<\/p>\n","protected":false},"excerpt":{"rendered":"<p>Kvie\u010diame Jus \u012f autorin\u012f spektakl\u012f moterims \u201eDeimantin\u0117 Moteris\u201c<\/p>\n<p dir=\"auto\">Viet\u0173 skai\u010dius ribotas!<\/p>\n<p dir=\"auto\">Vieta: Kaunas (tiksli renginio vieta paai\u0161k\u0117s gegu\u017e\u0117s 10 d.)<br \/>\nData: Gegu\u017e\u0117s 28 d.<br \/>\n\ud83d\udd56 Prad\u017eia: 19 val.<br \/>\n<b><br \/>\n<\/b>Spektaklyje pinasi humoras ir drama, atskleid\u017eiant tikras, kiekvienai moteriai atpa\u017e\u012fstamas situacijas.<\/p>\n<p>\u201eDeimantin\u0117 moteris\u201c \u2013 tai jautrus ir \u012fkvepiantis spektaklis apie moters vidin\u012f pasaul\u012f, jos stipryb\u0119, pa\u017eeid\u017eiamum\u0105 ir geb\u0117jim\u0105 atgimti i\u0161 naujo. Spektaklis paremtas tikromis moter\u0173 istorijomis. Jame atvirai kalbama apie moters k\u016bn\u0105, laim\u0119, tro\u0161kimus ir savivert\u0119.<\/p>\n<p>Spektaklis i\u0161siskiria subtiliu humoru ir dideliu emociniu atvirumu.<\/p>\n<p>Scenoje atsiskleid\u017eia skirtingos moters gyvenimo pus\u0117s \u2013 nuo kasdienyb\u0117s rutinos iki giliausi\u0173 svajoni\u0173 ir tro\u0161kim\u0173. Spektaklio kulminacijoje tampa galutinai ai\u0161ku, kod\u0117l moters gyvenimas da\u017enai sustoja vietoje\u2026 kod\u0117l ne visoms moterims pavyksta tapti visapusi\u0161kai turtingom, atrasti ramyb\u0117s, laisv\u0117s bei pasiekti asmenin\u0117s nepriklausomyb\u0117s.<\/p>\n<p>Per asmenines istorijas, santykius ir vidinius konfliktus \u017ei\u016brov\u0117 kvie\u010diama pa\u017evelgti \u012f moters sunkumus be kauki\u0173.<\/p>\n<p>Tai ne tik spektaklis, bet ir stipri patirtis. Apie tai, kaip svarbu moteriai i\u0161likti savimi ir nenustoti siekti savo tro\u0161kim\u0173 \u2013 net sud\u0117tingiausiomis aplinkyb\u0117mis.<\/p>\n<p>Spektaklio metu gausite vien\u0105 geriausi\u0173 patarim\u0173, kok\u012f tik gali gauti \u017emogus. \u0160io patarimo ne\u012fmanoma paneigti \u2013 jis tobulas ir tinka visoms gyvenimo situacijoms spr\u0119sti.<\/p>\n","protected":false},"featured_media":1296,"comment_status":"open","ping_status":"closed","template":"","meta":[],"product_cat":[15],"product_tag":[],"_links":{"self":[{"href":"https:\/\/monaco.lt\/parduotuve\/wp-json\/wp\/v2\/product\/1292"}],"collection":[{"href":"https:\/\/monaco.lt\/parduotuve\/wp-json\/wp\/v2\/product"}],"about":[{"href":"https:\/\/monaco.lt\/parduotuve\/wp-json\/wp\/v2\/types\/product"}],"replies":[{"embeddable":true,"href":"https:\/\/monaco.lt\/parduotuve\/wp-json\/wp\/v2\/comments?post=1292"}],"wp:featuredmedia":[{"embeddable":true,"href":"https:\/\/monaco.lt\/parduotuve\/wp-json\/wp\/v2\/media\/1296"}],"wp:attachment":[{"href":"https:\/\/monaco.lt\/parduotuve\/wp-json\/wp\/v2\/media?parent=1292"}],"wp:term":[{"taxonomy":"product_cat","embeddable":true,"href":"https:\/\/monaco.lt\/parduotuve\/wp-json\/wp\/v2\/product_cat?post=1292"},{"taxonomy":"product_tag","embeddable":true,"href":"https:\/\/monaco.lt\/parduotuve\/wp-json\/wp\/v2\/product_tag?post=1292"}],"curies":[{"name":"wp","href":"https:\/\/api.w.org\/{rel}","templated":true}]}}