{"id":148,"date":"2018-05-02T07:23:59","date_gmt":"2018-05-02T09:23:59","guid":{"rendered":"http:\/\/monaco.lt\/parduotuve\/?page_id=148"},"modified":"2023-02-24T06:35:56","modified_gmt":"2023-02-24T08:35:56","slug":"kontaktai","status":"publish","type":"page","link":"https:\/\/monaco.lt\/parduotuve\/kontaktai\/","title":{"rendered":"Kontaktai"},"content":{"rendered":"<table width=\"332\">\n<tbody>\n<tr>\n<td width=\"293\">MB \u201eNovum gradum\u201c<\/td>\n<td width=\"39\"><\/td>\n<\/tr>\n<tr>\n<td width=\"293\">\u012e. k.: 306018218<\/td>\n<td width=\"39\"><\/td>\n<\/tr>\n<tr>\n<td colspan=\"2\" width=\"332\">\u017demai\u010di\u0173 g. 79-1, LT-44186 Kaunas<\/td>\n<\/tr>\n<tr>\n<td colspan=\"2\" width=\"332\">Tel. : +370 689 79095<\/p>\n<p>el. pa\u0161tas: alex@monaco.lt<\/td>\n<\/tr>\n<\/tbody>\n<\/table>\n","protected":false},"excerpt":{"rendered":"<p>MB \u201eNovum gradum\u201c \u012e. k.: 306018218 \u017demai\u010di\u0173 g. 79-1, LT-44186 Kaunas Tel. : +370 689 79095 el. pa\u0161tas: alex@monaco.lt<\/p>\n","protected":false},"author":1,"featured_media":0,"parent":0,"menu_order":0,"comment_status":"closed","ping_status":"closed","template":"","meta":[],"_links":{"self":[{"href":"https:\/\/monaco.lt\/parduotuve\/wp-json\/wp\/v2\/pages\/148"}],"collection":[{"href":"https:\/\/monaco.lt\/parduotuve\/wp-json\/wp\/v2\/pages"}],"about":[{"href":"https:\/\/monaco.lt\/parduotuve\/wp-json\/wp\/v2\/types\/page"}],"author":[{"embeddable":true,"href":"https:\/\/monaco.lt\/parduotuve\/wp-json\/wp\/v2\/users\/1"}],"replies":[{"embeddable":true,"href":"https:\/\/monaco.lt\/parduotuve\/wp-json\/wp\/v2\/comments?post=148"}],"version-history":[{"count":11,"href":"https:\/\/monaco.lt\/parduotuve\/wp-json\/wp\/v2\/pages\/148\/revisions"}],"predecessor-version":[{"id":543,"href":"https:\/\/monaco.lt\/parduotuve\/wp-json\/wp\/v2\/pages\/148\/revisions\/543"}],"wp:attachment":[{"href":"https:\/\/monaco.lt\/parduotuve\/wp-json\/wp\/v2\/media?parent=148"}],"curies":[{"name":"wp","href":"https:\/\/api.w.org\/{rel}","templated":true}]}}